at is the remainder when 6396 is divided by 1277?
11
Calculate the remainder when 54536 is divided by 384.
8
Calculate the remainder when 210 is divided by 69.
3
Calculate the remainder when 941794 is divided by 55.
29
Calculate the remainder when 41926 is divided by 1051.
937
What is the remainder when 238271 is divided by 39711?
5
What is the remainder when 23743 is divided by 2078?
885
What is the remainder when 66661 is divided by 119?
21
Calculate the remainder when 34622 is divided by 266.
42
Calculate the remainder when 3099 is divided by 658.
467
Calculate the remainder when 2536 is divided by 487.
101
Calculate the remainder when 1420 is divided by 17.
9
What is the remainder when 57486 is divided by 898?
14
What is the remainder when 290333 is divided by 12097?
5
What is the remainder when 310342 is divided by 8?
6
What is the remainder when 217048 is divided by 5866?
6
Calculate the remainder when 3133624 is divided by 7.
4
What is the remainder when 6703 is divided by 45?
43
Calculate the remainder when 862153 is divided by 134.
131
Calculate the remainder when 6874 is divided by 226.
94
What is the remainder when 65500 is divided by 356?
352
What is the remainder when 36241 is divided by 52?
49
Calculate the remainder when 41197 is divided by 41179.
18
What is the remainder when 941 is divided by 850?
91
What is the remainder when 316 is divided by 61?
11
Calculate the remainder when 35013 is divided by 19.
15
Calculate the remainder when 161198 is divided by 515.
3
Calculate the remainder when 3942 is divided by 3940.
2
Calculate the remainder when 81207 is divided by 247.
191
What is the remainder when 2613 is divided by 868?
9
What is the remainder when 35796 is divided by 665?
551
What is the remainder when 505050 is divided by 17?
14
Calculate the remainder when 80690 is divided by 9.
5
Calculate the remainder when 39977 is divided by 57.
20
What is the remainder when 22308 is divided by 71?
14
What is the remainder when 316084 is divided by 379?
377
Calculate the remainder when 29338 is divided by 30.
28
What is the remainder when 131982 is divided by 43937?
171
What is the remainder when 4903 is divided by 6?
1
Calculate the remainder when 177 is divided by 111.
66
Calculate the remainder when 5082 is divided by 205.
162
Calculate the remainder when 66440 is divided by 9490.
10
What is the remainder when 279405 is divided by 3070?
35
Calculate the remainder when 77539 is divided by 69.
52
What is the remainder when 2551 is divided by 32?
23
What is the remainder when 196464 is divided by 17?
12
Calculate the remainder when 64272 is divided by 272.
80
What is the remainder when 8629 is divided by 2062?
381
Calculate the remainder when 2923 is divided by 409.
60
What is the remainder when 170387 is divided by 1704?
1691
Calculate the remainder when 38423 is divided by 301.
196
Calculate the remainder when 4299202 is divided by 364.
362
Calculate the remainder when 8945 is divided by 119.
20
What is the remainder when 1313 is divided by 190?
173
What is the remainder when 4266 is divided by 137?
19
Calculate the remainder when 17389 is divided by 378.
1
What is the remainder when 140558 is divided by 70?
68
What is the remainder when 13424 is divided by 1678?
0
What is the remainder when 89920 is divided by 29973?
1
What is the remainder when 1446 is divided by 1445?
1
Calculate the remainder when 141634 is divided by 134.
130
What is the remainder when 32261 is divided by 16129?
3
Calculate the remainder when 89644 is divided by 659.
20
Calculate the remainder when 27645 is divided by 16.
13
What is the remainder when 2119695 is divided by 181?
4
Calculate the remainder when 172377 is divided by 11.
7
What is the remainder when 2812 is divided by 121?
29
Calculate the remainder when 1849 is divided by 799.
251
What is the remainder when 1171 is divided by 1094?
77
Calculate the remainder when 14053895 is divided by 24.
23
What is the remainder when 736 is divided by 234?
34
Calculate the remainder when 5731 is divided by 3127.
2604
What is the remainder when 22495 is divided by 7431?
202
Calculate the remainder when 164711 is divided by 286.
261
Calculate the remainder when 22203 is divided by 22023.
180
Calculate the remainder when 821311 is divided by 8467.
12
Calculate the remainder when 1154 is divided by 85.
49
Calculate the remainder when 100827 is divided by 59.
55
Calculate the remainder when 11778 is divided by 11702.
76
Calculate the remainder when 28520 is divided by 53.
6
Calculate the remainder when 18445 is divided by 878.
7
What is the remainder when 41989 is divided by 1050?
1039
Calculate the remainder when 1270131 is divided by 137.
4
What is the remainder when 15742 is divided by 5211?
109
What is the remainder when 871 is divided by 45?
16
What is the remainder when 60805 is divided by 20265?
10
What is the remainder when 310927 is divided by 155458?
11
What is the remainder when 256927 is divided by 60?
7
What is the remainder when 4140 is divided by 244?
236
What is the remainder when 68585 is divided by 325?
10
Calculate the remainder when 851 is divided by 264.
59
What is the remainder when 25630 is divided by 116?
110
Calculate the remainder when 22910 is divided by 716.
714
Calculate the remainder when 3966 is divided by 449.
374
Calculate the remainder when 453368 is divided by 190.
28
What is the remainder when 4845 is divided by 339?
99
Calculate the remainder when 9399295 is divided by 137.
136
What is the remainder when 37511 is divided by 6?
5
What is the remainder when 20259 is divided by 197?
165
What is the remainder when 87459 is divided by 216?
195
Calculate the remainder when 13024 is divided by 128.
96
Calculate the remainder when 39063 is divided by 68.
31
Calculate the remainder when 3763 is divided by 63.
46
What is the remainder when 5625 is divided by 1695?
540
What is the remainder when 60119 is divided by 613?
45
Calculate the remainder when 10395 is divided by 1449.
252
What is the remainder when 63275 is divided by 809?
173
What is the remainder when 2308 is divided by 387?
373
What is the remainder when 7291 is divided by 259?
39
What is the remainder when 981 is divided by 309?
54
Calculate the remainder when 14521 is divided by 256.
185
Calculate the remainder when 1154295 is divided by 425.
420
What is the remainder when 14621 is divided by 504?
5
Calculate the remainder when 4416 is divided by 58.
8
Calculate the remainder when 90241 is divided by 135.
61
What is the remainder when 4709 is divided by 366?
317
What is the remainder when 2172 is divided by 133?
44
What is the remainder when 9337409 is divided by 97?
92
Calculate the remainder when 1249 is divided by 1215.
34
Calculate the remainder when 1727 is divided by 39.
11
What is the remainder when 38087 is divided by 7614?
17
Calculate the remainder when 165020 is divided by 23574.
2
Calculate the remainder when 11413 is divided by 136.
125
What is the remainder when 394744 is divided by 11?
9
What is the remainder when 6358 is divided by 2073?
139
Calculate the remainder when 79815 is divided by 877.
8
What is the remainder when 1449758 is divided by 1066?
1064
What is the remainder when 282904 is divided by 690?
4
What is the remainder when 218878 is divided by 240?
238
What is the remainder when 234730 is divided by 189?
181
Calculate the remainder when 18198 is divided by 1516.
6
What is the remainder when 885037 is divided by 16?
13
Calculate the remainder when 15558 is divided by 4756.
1290
What is the remainder when 10191 is divided by 3374?
69
Calculate the remainder when 1385 is divided by 327.
77
What is the remainder when 494259 is divided by 343?
339
What is the remainder when 295035 is divided by 333?
330
Calculate the remainder when 28478 is divided by 9486.
20
Calculate the remainder when 63257 is divided by 86.
47
What is the remainder when 296138 is divided by 20?
18
Calculate the remainder when 8609 is divided by 70.
69
Calculate the remainder when 9232 is divided by 1400.
832
What is the remainder when 3468830 is divided by 927?
923
Calculate the remainder when 4692 is divided by 19.
18
What is the remainder when 1088759 is divided by 211?
210
Calculate the remainder when 62994 is divided by 14